7
Suppose 2*z + z = 3*f, 0 = 4*z + 5*f - 18. Let p = -17 - -38. Let t = p + -15. What is the highest common divisor of t and z?
2
Let x(l) = 4*l - 4. Let v be x(4). Suppose -20 = -r + 5*d, -3*r + v + 0 = d. What is the greatest common divisor of 10 and r?
5
Let r(s) = s**3 - 15*s**2 - 15*s + 2. Let c be r(16). Suppose 0 = -4*l + c + 22. Calculate the highest common factor of 50 and l.
10
Suppose -5*g + 2*g = 9. Let b be ((-3)/9)/(g/99). Calculate the greatest common factor of 1 and b.
1
Suppose -5*w + 0*w + 332 = 4*q, 5*w = -20. Let t(s) = s**3 + 5*s**2 + s - 4. Let j be t(-3). Calculate the highest common divisor of j and q.
11
Let x be 12*-5*3/(-6). Let t(k) = -k**3 - 6*k**2 + 7*k + 10. Let u be t(-7). What is the highest common factor of u and x?
10
Let r(t) = -t**3 + 5*t**2 - 5*t + 5. Let y be r(4). Suppose 4*f - y = 51. What is the greatest common factor of 13 and f?
13
Let n = -1 + -6. Let v = 4 - n. What is the highest common factor of 55 and v?
11
Suppose k - 3*a - 4 = 0, k + 5*a - 7 = 21. Suppose -9*x + 4*x = -195. Calculate the highest common divisor of k and x.
13
Let w = 1 + 7. Let v = w - -5. What is the greatest common factor of v and 130?
13
Let u(j) = j**3 + 3*j**2 - 3*j - 4. Let p be u(-3). Calculate the greatest common divisor of p and 35.
5
Let h be 360/25 + (-2)/5. Suppose 0 = -3*q - 3*o - 2*o + 279, -3*q + 291 = o. Calculate the highest common divisor of q and h.
14
Let w(k) = 15*k**2 - k - 3. Let p be -1 + (-2)/(2 + -1). Let t be w(p). What is the highest common factor of 15 and t?
15
Let a be (-48)/(-20)*10/4. Let u be 4/a - 4/(-3). Calculate the greatest common divisor of u and 16.
2
Let z = 473 + -418. Let h be (5/3 + -1)*33. What is the highest common factor of z and h?
11
Let c(l) = l**2 - 2*l + 1. Let s be c(3). Let k = -1 + s. Suppose -w = -5*p + 243, -4*p + 2*p - k*w + 87 = 0. What is the greatest common divisor of 32 and p?
16
Suppose -h + 6*h = 525. Suppose -h = -3*c - 4*z + 60, -3*z = 3*c - 162. Suppose 6*s = 3*s + 51. Calculate the greatest common factor of c and s.
17
Suppose -z + 2*z + 53 = 0. Let q(v) = -8*v - 11. Let h be q(9). Let c = z - h. What is the highest common divisor of 12 and c?
6
Suppose -3*x = 4 - 16. Calculate the highest common factor of 32 and x.
4
Let j(b) = -b**3 - 4*b**2 + 2*b**2 + 3*b - 4*b**2 - 8. Suppose -5*w - 14 - 21 = 0. Let o be j(w). What is the highest common divisor of o and 50?
10
Let q be 3/6*-2*9. Let s be (-29)/q + (-2)/9. Calculate the greatest common factor of 18 and s.
3
Suppose -5*g - 4 = -24. Suppose 5*o - 175 = 3*h, -g*h - 94 = 2*o - 5*o. What is the greatest common factor of 57 and o?
19
Let l be (-99)/(-12) - (-3)/4. Calculate the highest common divisor of 81 and l.
9
Let g(h) = 10*h**2 + 6*h + 5. Let v be g(-2). What is the greatest common divisor of 22 and v?
11
Let d(f) = f**3 - 2*f**2 + 5*f + 2. Let o(a) = a**2 + a. Let z(c) = d(c) - 2*o(c). Let j be z(5). What is the greatest common factor of j and 6?
6
Let h be 4/(-16)*-1 + (-1833)/(-12). What is the greatest common factor of h and 51?
51
Let c(w) = w**3 - 5*w**2 + 2*w + 4. Let q be c(5). Calculate the greatest common factor of q and 2.
2
Suppose 10*o = 6*o + 24. What is the greatest common factor of 54 and o?
6
Let l(g) = 5*g + 10. Let r be l(15). What is the highest common divisor of r and 17?
17
Let z be (-97)/(-3) + 6/9. What is the greatest common factor of 44 and z?
11
Let f = -14 + 24. Calculate the highest common factor of f and 290.
10
Let v(q) = 6*q**3 - 4*q**2 + 2*q - 2. Let a be v(3). Calculate the greatest common divisor of a and 10.
10
Let m = -23 + 37. What is the greatest common factor of m and 7?
7
Let v = 21 + -12. Calculate the highest common divisor of v and 72.
9
Suppose 3*r - 68 + 422 = 0. Let w = 172 + r. What is the highest common factor of 18 and w?
18
Suppose 4*y = 88 - 8. Let b = -14 - -22. What is the highest common divisor of y and b?
4
Let s = 10 - 8. Suppose -2*k + s*j = j - 83, -3*j = 15. Suppose 3*g - 46 = 4*x, -5*x + 103 - k = 3*g. Calculate the greatest common factor of g and 18.
18
Suppose 0*q + 3*o = 4*q - 129, -5*q + 163 = -2*o. Let w = 8 - 5. Calculate the greatest common factor of w and q.
3
Let j = 120 + -89. Calculate the greatest common factor of 124 and j.
31
Let q be (-3)/((3/5)/(-1)). Calculate the greatest common factor of q and 45.
5
Let l = 8 - 5. Suppose 36 = l*j + 3*h, -5*j - 3*h + 29 = -27. Suppose -4*z + 2*f = -290, -2*z - 28 + 158 = 2*f. Calculate the highest common divisor of z and j.
10
Suppose -5*m = -5, -2*y - 2*m - 43 = -3*y. What is the highest common factor of 18 and y?
9
Let l be (0*2/6)/1. Suppose l = 3*q - 0*q - i - 332, 2*i = 8. Calculate the greatest common divisor of q and 14.
14
Let f = 72 + -19. Suppose -2*n - 13 = z + 21, -f = 3*n + 2*z. Let d = n - -45. What is the greatest common divisor of d and 12?
6
Suppose z - w - 134 = 0, -3*w - 21 = z - 159. Let q be (-141)/(-9) - (-6)/(-9). Calculate the highest common factor of z and q.
15
Suppose x + 3*w = 0, -7*w + 3*w = -3*x + 39. Let a(r) = -r**2 + 9*r + 18. Let k be a(9). Calculate the greatest common divisor of x and k.
9
Let d be (-7)/(28/(-8)) + 163. Let q be (-40)/(-24)*(1 - -8). Calculate the highest common factor of q and d.
15
Let f(z) = 0 + 4*z - 2 + z - 6*z. Let h be f(2). Let p be h/10 + 104/10. Calculate the highest common factor of p and 15.
5
Suppose -2*p - 3*f = f - 2, -p - 5*f + 7 = 0. Let z be 7 - (0 + p + 2). Calculate the highest common divisor of 20 and z.
4
Let r(x) = x**3 + 4*x**2 + x - 1. Suppose j = -2*j - 6. Let q be r(j). What is the highest common factor of q and 45?
5
Let k = -106 - -116. Let j be (-2)/(-7) - (-1256)/14. Calculate the greatest common factor of k and j.
10
Let m = 36 - 0. What is the highest common divisor of 108 and m?
36
Suppose 0 = -2*k - k + 3. Let l(f) = -3 - k + 2 - f - 2. Let j be l(-7). What is the greatest common divisor of j and 12?
3
Let s(d) = -14*d - 6. Let y be s(-3). What is the highest common divisor of 9 and y?
9
Let c(i) = -i + 21. Let r be c(-5). What is the highest common divisor of r and 26?
26
Suppose 3*p - 49 - 14 = 0. What is the highest common factor of p and 189?
21
Let o be 6 + (3 - (-2)/(-1)). Let u(d) = -4 - 5*d**2 - 2*d + 4*d**3 - 3*d**3 - 7*d + 5. Let q be u(o). Calculate the greatest common divisor of q and 24.
12
Suppose 4*j - 108 = 2*j. Let z = 253 + -118. What is the highest common factor of j and z?
27
Suppose c = -4*c + 3*p, -5*c - 4*p = 0. Suppose c*n - 3*n = -27. Suppose -2*x + 15 = 3. Calculate the highest common factor of n and x.
3
Let s(q) = -q - 7. Let j be s(-12). Suppose -2*b + 27 - 92 = -j*o, 3*o - 40 = b. What is the highest common factor of o and 120?
15
Let d(b) = -b + 8. Let c be d(-6). Let x = -49 - -122. Suppose 5*s = -x + 213. Calculate the highest common divisor of s and c.
14
Suppose -17*i - 48 + 184 = 0. What is the highest common divisor of 152 and i?
8
Let s = -58 + 95. What is the highest common factor of s and 37?
37
Suppose 4*r - 3*y + 9 = 0, 3*y + y - 12 = -2*r. Suppose r*z - 2*g = 5*z - 17, -3*g + 18 = 5*z. What is the greatest common factor of z and 9?
3
Let d(j) = -j**3 + j**2 + j - 1. Let u = -4 - -2. Let c be d(u). What is the highest common divisor of c and 9?
9
Let j = 4 - 6. Let b be (-1)/j*(20 + 0). Let g(l) = l**3 - 10*l**2 + 7. Let p be g(b). Calculate the greatest common divisor of p and 1.
1
Let p = 9 - 5. Suppose 1 = -3*m + p*m. Let d be 39*(-2 + 3)/m. What is the greatest common divisor of d and 13?
13
Suppose -10*i = 4*i - 406. Calculate the greatest common factor of i and 29.
29
Suppose -4*r + 5*s + 1 + 2 = 0, -3*s = -5*r - 6. Let q be r/((9/(-12))/1). Calculate the highest common divisor of q and 44.
4
Let z(l) = 3*l**2 + 6*l - 12. Let u be z(6). What is the greatest common divisor of 12 and u?
12
Let h(a) = -a - 2. Let s be h(-7). Suppose s*c - 269 = 76. What is the greatest common divisor of 23 and c?
23
Let k(q) = 16*q + 1. Let v be k(2). Calculate the highest common factor of 6 and v.
3
Let g be 10/3*(-9)/(-6). Suppose -5*f + m = -134, -3*f - 5*m - 49 = -g*f. Let v = 27 + -9. What is the greatest common factor of f and v?
9
Suppose 0*a = 3*a + 4*l - 20, -5*l = -3*a + 2. Suppose 0 = a*k + k - 60. Let y(d) = -9*d. Let n be y(-2). Calculate the greatest common facto